late the highest common factor of 4123167 and 7098459.
9183
Calculate the highest common factor of 5480 and 18085.
5
What is the greatest common factor of 14483838 and 32?
2
Calculate the greatest common factor of 165851285 and 190.
95
Calculate the greatest common factor of 5904 and 95267682.
738
What is the highest common divisor of 319 and 74291569?
11
What is the greatest common factor of 13 and 559083681?
13
What is the highest common factor of 65115359 and 5601?
1867
What is the greatest common factor of 75 and 8273145?
15
Calculate the greatest common factor of 310491711 and 1026.
513
What is the greatest common divisor of 75068 and 25867820?
1532
What is the greatest common divisor of 460332420 and 6765?
615
What is the highest common factor of 132 and 446595072?
132
What is the highest common divisor of 535 and 7960265?
535
What is the greatest common divisor of 9792 and 171375232?
1088
Calculate the highest common divisor of 1519203 and 63875.
511
Calculate the greatest common divisor of 1904895 and 90.
45
Calculate the greatest common factor of 57412629 and 6.
3
What is the greatest common divisor of 941290 and 910?
70
Calculate the highest common divisor of 21452195 and 288815.
6145
What is the highest common divisor of 4241652 and 132?
12
Calculate the highest common divisor of 130 and 4499465.
5
What is the greatest common factor of 76743312 and 48?
48
Calculate the highest common divisor of 85 and 5006585.
85
Calculate the highest common factor of 25 and 437229575.
25
Calculate the greatest common factor of 3 and 22766637.
3
What is the highest common factor of 99 and 32962149?
99
Calculate the greatest common divisor of 131152 and 5880762.
2342
What is the highest common factor of 2318522 and 83?
83
Calculate the greatest common factor of 319725645 and 460.
115
What is the greatest common divisor of 69249378 and 21?
3
What is the greatest common divisor of 193981867 and 139?
139
Calculate the greatest common divisor of 648 and 112307904.
216
Calculate the highest common divisor of 266568 and 71340.
348
What is the greatest common divisor of 1118 and 2999422?
86
Calculate the greatest common factor of 305767 and 484.
121
Calculate the highest common factor of 7 and 15487297.
7
Calculate the highest common divisor of 1170 and 262230.
30
What is the greatest common factor of 21581851 and 179?
179
Calculate the highest common divisor of 623 and 13943719.
89
Calculate the highest common factor of 30879 and 746206.
73
What is the greatest common divisor of 236 and 5513786?
118
What is the greatest common divisor of 54266 and 1636814?
1262
What is the greatest common factor of 61 and 27676859?
61
Calculate the highest common factor of 257846 and 8.
2
What is the greatest common divisor of 977119 and 1221?
11
Calculate the greatest common divisor of 2268433 and 10952.
1369
What is the highest common divisor of 2 and 2802518?
2
Calculate the highest common divisor of 711679062 and 3252.
1626
Calculate the highest common divisor of 5483604 and 291.
291
Calculate the greatest common factor of 72382287 and 258.
129
Calculate the highest common divisor of 1401419 and 87607.
293
Calculate the greatest common divisor of 67333177 and 1969.
179
What is the highest common factor of 4248 and 1320339996?
2124
Calculate the highest common factor of 66 and 61796317.
11
Calculate the greatest common divisor of 13279365 and 759.
33
Calculate the highest common divisor of 48530349 and 17430.
1743
What is the highest common factor of 1393 and 7153254?
199
What is the greatest common divisor of 16407 and 176763549?
5469
What is the highest common factor of 5385251 and 2986?
1493
Calculate the highest common divisor of 294916 and 1836.
68
What is the highest common factor of 2505120 and 170?
170
Calculate the greatest common divisor of 1781 and 28548.
13
What is the highest common factor of 127692 and 5328?
36
Calculate the greatest common factor of 699385 and 56855.
685
Calculate the highest common factor of 609858 and 136.
34
Calculate the highest common factor of 16363 and 85.
1
Calculate the greatest common factor of 696 and 77592516.
348
What is the greatest common factor of 35 and 17162740?
35
What is the greatest common divisor of 56 and 592509848?
56
What is the greatest common divisor of 491640 and 11832?
408
What is the greatest common divisor of 1836071 and 48993?
2333
What is the highest common divisor of 20693163 and 781?
71
What is the highest common divisor of 32568 and 562442?
46
Calculate the highest common divisor of 850 and 1332970.
170
Calculate the greatest common factor of 498 and 507498603.
249
What is the highest common factor of 45187884 and 168?
84
What is the highest common divisor of 54337287 and 1300707?
10083
Calculate the highest common factor of 831521 and 189687.
1193
What is the greatest common divisor of 77991606 and 135?
27
Calculate the greatest common factor of 30648 and 1102766120.
10216
What is the highest common divisor of 15 and 30685170?
15
Calculate the greatest common divisor of 6005671 and 455.
7
Calculate the greatest common factor of 7107862 and 304.
38
What is the highest common factor of 3723540 and 198372?
3252
Calculate the greatest common factor of 18717 and 374707.
367
What is the highest common factor of 454488 and 44544?
696
Calculate the greatest common divisor of 2540498 and 3.
1
What is the highest common factor of 1486450 and 4384?
274
Calculate the greatest common factor of 166299810 and 30.
30
What is the greatest common divisor of 9 and 1695849?
3
What is the highest common divisor of 107916 and 50439?
1173
Calculate the greatest common divisor of 301011767 and 93.
31
What is the greatest common factor of 1502 and 30358424?
1502
What is the greatest common divisor of 264 and 15124164?
132
Calculate the greatest common factor of 3200 and 2087680.
640
What is the greatest common factor of 17756350 and 150?
50
What is the greatest common factor of 5109217 and 2021?
43
Calculate the greatest common factor of 2560 and 698459520.
640
What is the greatest common factor of 1984 and 5932408?
248
What is the highest common divisor of 6132 and 279636?
84
Calculate the greatest common divisor of 70 and 1529976525.
35
What is the greatest common divisor of 370083897 and 34?
17
What is the greatest common factor of 1375 and 517751300?
275
Calculate the highest common divisor of 515493 and 106641.
369
Calculate the greatest common factor of 10080 and 658539.
63
Calculate the greatest common factor of 246720432 and 3296.
1648
What is the highest common factor of 786 and 5172666?
786
What is the greatest common factor of 337645 and 362670?
385
What is the greatest common factor of 759280 and 13808?
16
Calculate the greatest common divisor of 109057679 and 202.
101
What is the highest common factor of 121636 and 2978788?
2588
Calculate the greatest common divisor of 712744 and 152.
8
What is the greatest common divisor of 48216 and 111524?
196
What is the highest common factor of 72 and 177889896?
72
What is the greatest common factor of 5061404 and 652276?
716
Calculate the greatest common factor of 2236806 and 3792.
474
Calculate the highest common divisor of 58440 and 9288.
24
Calculate the greatest common factor of 435 and 118669305.
435
What is the highest common divisor of 3575 and 13519285?
65
Calculate the highest common divisor of 39234331 and 47.
47
What is the highest common divisor of 12680 and 2561820?
20
What is the greatest common factor of 65925 and 5580771?
879
What is the greatest common factor of 5285576 and 8?
8
What is the greatest common divisor of 178866 and 274626?
342
What is the greatest common factor of 2310740 and 9300?
620
Calculate the highest common factor of 8668521 and 1802.
901
Calculate the greatest common factor of 58035056 and 3123.
347
Calculate the highest common divisor of 512534824 and 7460.
1492
What is the greatest common divisor of 20932 and 922?
2
What is the highest common divisor of 400 and 42049400?
200
What is the highest common factor of 437477625 and 13?
13
What is the greatest common factor of 22132 and 10950310?
1006
What is the greatest common divisor of 3314589 and 3945?
789
What is the greatest common divisor of 880230 and 366610?
610
Calculate the gr